Let r(x) = 363*x**2 - 7*x + 10. List the prime factors of r(-3).
2, 17, 97
Let j(i) be the third derivative of -i**6/120 + 7*i**5/60 + 3*i**4/4 - 19*i**3/6 - 29*i**2. What are the prime factors of j(8)?
61
Let q(a) = 9*a**3 + 7*a**2 - 4*a - 12. List the prime factors of q(5).
2, 317
Let t(r) = r**3 + 16*r**2 - 32*r + 65. What are the prime factors of t(-15)?
2, 5, 7, 11
Let h(l) = l**2 + 35*l + 127. Let z be h(-4). Let u be 0 - 11 - (-3 - -1). What are the prime factors of (-318)/u - 1/z?
5, 7
Suppose 4*o - 2*r = 10, 0 = o - 2*o + 3*r - 5. Suppose -8 = -4*a, 0*a - o*a - 157 = -5*x. List the prime factors of x.
3, 11
Let d = 366 - 245. Let f = d - 65. What are the prime factors of f?
2, 7
Let i = 337 + -110. Suppose 5*s = l + s - 52, -4*l + i = 3*s. What are the prime factors of l?
2, 7
Let l(j) = j + 1. Let f(v) = -5*v - 5. Let q(i) = f(i) + 2*l(i). Suppose 0 = 11*o - 72 + 171. What are the prime factors of q(o)?
2, 3
List the prime factors of ((-415)/25 + 0)/(2/(-130)).
13, 83
Let b be -5*12/(-10)*17. Suppose 0 = 2*p + 46 - 158. Let o = b - p. List the prime factors of o.
2, 23
What are the prime factors of (-4 - -28)*(-5112)/(-27)?
2, 71
Let c = -157 + 1189. List the prime factors of c.
2, 3, 43
Let b(u) = u**3 - 8*u**2 - 9*u + 35. What are the prime factors of b(10)?
5, 29
Let v be (4 - -2)/((-1)/1). Let q(n) = n + 10. Let j be q(v). What are the prime factors of (30/j)/(2/4)?
3, 5
Let f(n) = -2*n**2 - 27*n - 16. Let t be f(-13). List the prime factors of (-371)/t + -4 + 50/15.
3, 41
List the prime factors of 156 + (1 + -15 - -8).
2, 3, 5
Suppose -5*q + 50 = -2*g, g + 2*g + 75 = -3*q. Let i = 58 + g. Let s = i - -2. List the prime factors of s.
5, 7
Suppose -25*f + 1566 = 3*d - 21*f, 0 = 3*d - 2*f - 1584. List the prime factors of d.
2, 263
Let p(k) = 2*k + 6. Let h(c) = -1. Let u(f) = 8*h(f) + p(f). Let b be u(2). Suppose 0 = -2*q + 5*q - 2*g - 209, -142 = -b*q + 4*g. List the prime factors of q.
3, 23
Let k = -956 - 796. Let x be k/44 + (-2)/11. What are the prime factors of 111/5 - (-8)/x?
2, 11
List the prime factors of (-2)/4*(-68464)/22.
2, 389
List the prime factors of (-2)/(-8) + 96950/200.
5, 97
Let a be (-5)/25*3*-65. Suppose -a = 5*c - 109. What are the prime factors of c?
2, 7
Suppose 5*o = -2*j + 3118, -6*o - 6 = -3*o. What are the prime factors of j?
2, 17, 23
Let z(f) = f**3 + 5*f**2 - 8*f. Let m be z(-6). Let r be (21 - 17) + (3 - (0 + -1)). Let x = m - r. List the prime factors of x.
2
Suppose -257*x = -251*x - 4650. What are the prime factors of x?
5, 31
Let t be (-159)/(-1)*(-9)/(-27). Suppose -t - 89 = -2*i. What are the prime factors of i?
71
List the prime factors of (-4)/3*3087/(-42).
2, 7
Let o = -14 + -5. Let c(w) = w**2 + 15*w - 27. What are the prime factors of c(o)?
7
Let a = 10 + -15. What are the prime factors of (-33)/5*50/a?
2, 3, 11
Let o = -569 - -351. What are the prime factors of -4 - o*(-4)/(-8)?
3, 5, 7
Suppose -5*g - 25 = 0, 0*g + 45 = 5*a - 5*g. Let s = a + -2. Suppose -2*z + 6 = s. List the prime factors of z.
2
Suppose 2*d = -2*d. Let w(s) = -2*s + 3. Let x be w(d). Suppose 0 = 5*k + 2*n - 47, -29 = -x*k - n - n. List the prime factors of k.
3
Let z = -11800 - -17009. What are the prime factors of z?
5209
Let d(r) = -r**3 + 10 - 3*r**3 - 12*r + 3*r**3 + 14*r**2. Suppose 11*h = 10*h + 13. List the prime factors of d(h).
23
Let n(a) = -18*a - 10. Let o be n(8). List the prime factors of o/(-6) + (-12)/18.
5
Let z be (-408)/8*2/(-3). Let f = z - 32. Suppose 7*a - 340 = f*a. List the prime factors of a.
2, 17
Suppose -27*f + 49856 = 4820. List the prime factors of f.
2, 3, 139
Suppose -2 = r + 2*y, 3*r - 1 - 1 = -2*y. Suppose -3*n + 78 = r*k, -3*n + 129 = 4*k - 39. Suppose k*a - 40*a - 315 = 0. What are the prime factors of a?
3, 7
Suppose t = s + 2*s + 149, 0 = -t - 4*s + 156. Suppose -16*d - t = -17*d. What are the prime factors of d?
2, 19
Suppose -576 = 20*d - 10296. List the prime factors of d.
2, 3
Suppose 75 + 3670 = 5*m. Suppose -m = -7*o - 0*o. List the prime factors of o.
107
Let r(s) be the third derivative of -s**8/320 + s**7/2520 + s**4/24 + 4*s**2. Let c(m) be the second derivative of r(m). What are the prime factors of c(-1)?
2, 11
Let y = 4829 + -2321. What are the prime factors of y?
2, 3, 11, 19
Let g = 39 + 375. List the prime factors of g.
2, 3, 23
Let a(r) = r**2 - 6*r + 15. Let j be a(8). Let z = 39 - j. List the prime factors of z.
2
List the prime factors of ((-4968)/(-42))/((-21)/(-980)).
2, 3, 5, 23
List the prime factors of (-217476)/(-90) - (14/10 - 2).
2417
Suppose 2*z - 1202 = -2*v + z, 3*z = -4*v + 2406. Suppose -4*j + v + 140 = 0. What are the prime factors of j?
5, 37
List the prime factors of (-16153 - 5)/(-6) + -8 + 5.
2, 5, 269
Suppose -4*o + k + 1128 = 0, 487 = 3*o - k - 359. List the prime factors of o.
2, 3, 47
Suppose 2*n = -3*n + 20. Let x(b) = -n*b**2 + 5*b**2 + 3*b - 4*b + 5*b**2. List the prime factors of x(2).
2, 11
Suppose 10*d - 155 = 715. Let f = d - 39. List the prime factors of f.
2, 3
Suppose -2*v + 0 = 6. Let w = 7 + v. Suppose -l = w*l - 115. What are the prime factors of l?
23
Let q(u) = -u**3 + 3*u**2 + u + 3. Let y be q(0). Suppose 9*z - 738 = y*z. List the prime factors of z.
3, 41
Let f = 207 - -260. List the prime factors of f.
467
Let z = -414 + 582. What are the prime factors of z?
2, 3, 7
Let i = 209 - 25. Let f = i - 121. What are the prime factors of f?
3, 7
Let y(s) = 33*s**2 - 3. Let d be y(2). List the prime factors of (d - 2 - -2)/((-33)/(-22)).
2, 43
List the prime factors of (-28)/98*(-1 + 660)*-7.
2, 659
Let r(u) = 141*u + 15. List the prime factors of r(2).
3, 11
Let c(i) = -403*i - 24. Let z be c(-2). Suppose -6*w + z = -94. What are the prime factors of w?
2, 73
Let b = 5 - 2. Let j be (b/(-2))/((-2)/4). Suppose j*y + 4 = 5*y. List the prime factors of y.
2
Let g(q) = -2*q**2 - 4*q**2 + 5*q**2 - 9*q - 10. Let t be 0 + -2 + (-8)/(-8) + -5. List the prime factors of g(t).
2
Suppose -t + 6 = t. Suppose 4*b + f = 680, t*f = 2*b - 7*b + 857. Suppose -b = -4*j - 45. List the prime factors of j.
31
Let u = -785 + 1111. What are the prime factors of u?
2, 163
Let s = 25 + -1. Suppose -j = -s - 26. What are the prime factors of j?
2, 5
Let r = -173 + 389. What are the prime factors of r?
2, 3
Let v(a) = a**2 - 15*a + 24. Let u be v(15). What are the prime factors of 1 + 107/5 - u/60?
2, 11
Let s(r) = -2*r**2 - 15*r + 2. Let u be s(-8). What are the prime factors of (-3405)/(-105) - u/(-14)?
2
Let z(l) = -8*l + 174. Let s be z(18). Let h be 16/6*2*3. Let i = h + s. List the prime factors of i.
2, 23
Suppose k = 4*q + 8, 3*k - 11 = -0*q - q. Suppose 4*f - k*h - 144 = f, 5*h = 0. List the prime factors of f.
2, 3
Let l = 233 - 16. What are the prime factors of l?
7, 31
Let d(p) = p**2 + 1. Let s(o) = -3*o + 2. Let i be s(1). Let c be d(i). Suppose 0*x - 24 = -c*x. List the prime factors of x.
2, 3
List the prime factors of 0 - (-1 - (455 - 0)).
2, 3, 19
What are the prime factors of (2/(-2) - 173)/(9/(-18))?
2, 3, 29
Let j be ((-4)/6)/(6/(-9)). Let d = j + -1. Suppose 0 = 4*m - d - 8. What are the prime factors of m?
2
Suppose -12 = -2*q + 3*w - 7*w, 2*q - 5*w = -15. Suppose q = 3*r + 50 - 176. What are the prime factors of r?
2, 3, 7
Suppose -20*u = 52*u - 249192. What are the prime factors of u?
3461
Let u(n) = 6*n - 17. Let b = 61 + -6. Suppose 0 = -5*m + b - 10. List the prime factors of u(m).
37
Let j(r) = 169*r**2 + r. Suppose 0 = -4*q - 2 - 2. List the prime factors of j(q).
2, 3, 7
Let o(u) = 115*u + 282. What are the prime factors of o(8)?
2, 601
Suppose -p + 4*r = 20, 4*p - r + 5 = p. Suppose p = 5*t - 0*t. Suppose 4*f = 3*b + 68, -5*f + t*b = 5*b - 120. List the prime factors of f.
2, 5
Let d(s) = -7*s + 14. Let x be d(6). Let j = x + 29. Let a(w) = 6*w**2 + w. List the prime factors of a(j).
7
Let d be ((-54)/(-36))/(2/(-852)). Let a = d + 965. What are the prime factors of a?
2, 163
Suppose 5*i + 82 = 227. Let g = i - 24. List the prime factors of g.
5
What are the prime factors of (-1)/(((-7)/(-214))/(-7))?
2, 107
Let s be 84*(-1)/(2 + -3). Suppose r + 2*j = s, 0 = 2*r - 4*j - 26 - 102. List the prime factors of r.
2, 37
Let t(z) = 4*z - 4. Let r(v) = v**3 - 7*v**2 + 6*v + 2. Let f be r(6). Suppose -f*u - p = -8, 5*p - 2*p 